?
-59
Let c(z) = -699*z - 189. Calculate c(-1).
510
Let h(a) = 2*a**3 - 35*a**2 + 5*a - 47. Give h(17).
-251
Let i(n) = 18*n - 137. Determine i(9).
25
Let x(c) = -106*c - 449. Give x(-4).
-25
Let q(w) = -66*w**2 - 335*w - 11. Give q(-5).
14
Let b(z) = -7*z**3 - 63*z**2 + 5*z + 71. Give b(-9).
26
Let k(g) = -2*g**3 - 9*g**2 - 27*g - 220. What is k(-7)?
214
Let u(i) = i**3 + 8*i**2 - 30*i - 34. What is u(-10)?
66
Let f(b) = 2*b**3 - 33*b**2 + 8*b + 22. Give f(17).
447
Let l(z) = 38*z - 25. Calculate l(-5).
-215
Let u(v) = v**3 + 12*v**2 + 44*v + 148. Give u(-9).
-5
Let k(a) = -1119*a - 5595. Calculate k(-5).
0
Let v(p) = -847*p - 4932. Determine v(-6).
150
Let w(g) = 4*g**2 + 33*g - 248. Give w(-13).
-1
Let b(r) = r**2 + 181*r + 2934. What is b(-18)?
0
Let x(h) = -h**2 + 58*h + 318. Determine x(-5).
3
Let q(d) = 3*d**3 + 3*d**2 - 30*d + 4. Calculate q(-5).
-146
Let z(c) = -c**2 + 25*c - 51. Calculate z(24).
-27
Let i(q) = 32*q + 182. Give i(-10).
-138
Let c(j) = j**3 + 8*j**2 + 46*j - 29. What is c(-9)?
-524
Let g(k) = k**3 - 156*k**2 + 898*k + 330. Calculate g(150).
30
Let n(y) = -y**3 + 30*y**2 + 64*y - 55. Determine n(32).
-55
Let b(s) = s**2 + 551*s - 6. Determine b(0).
-6
Let u(w) = -w**3 + 10*w**2 - 22*w + 9. Determine u(4).
17
Let g(h) = 29*h + 332. What is g(-3)?
245
Let n(z) = 2*z**2 + z - 68. What is n(-9)?
85
Let j(r) = 352*r**2 - 77*r - 6. Calculate j(1).
269
Let k(t) = -t**2 - 7*t + 28. Calculate k(3).
-2
Let r(d) = 2*d**2 + 105*d - 94. Give r(-53).
-41
Let n(i) = 3*i**2 + 4*i - 11. Give n(-6).
73
Let d(b) = 16*b + 19. Calculate d(-3).
-29
Let q(l) = 2*l**2 + 74*l - 709. Calculate q(12).
467
Let a(z) = z**3 + 2*z**2 + 1. Give a(2).
17
Let g(b) = -b**3 - 2*b**2 + 25*b + 14. What is g(4)?
18
Let v(i) = -36*i**2 - 323*i + 7. What is v(-9)?
-2
Let a(o) = -2*o**2 - 50*o + 288. Determine a(4).
56
Let m(z) = -z**2 - 7*z + 515. Give m(18).
65
Let h(a) = -a**3 + 13*a**2 - 16*a + 50. Calculate h(11).
116
Let b(v) = -3*v**2 - 157*v + 132. Calculate b(-52).
184
Let q(z) = 35*z - 23. Calculate q(7).
222
Let j(b) = 72*b + 167. Determine j(-2).
23
Let n(v) = v**2 - 223*v + 9461. Calculate n(57).
-1
Let n(p) = -1062*p - 2145. What is n(-2)?
-21
Let r(a) = 41*a + 1. Give r(9).
370
Let s(z) = -4*z**2 - 81*z + 5077. What is s(27)?
-26
Let a(z) = -37*z + 455. Calculate a(0).
455
Let s(l) = 8*l**3 - 7*l**2 - 27*l + 49. Give s(2).
31
Let d(s) = 5*s**3 + 9*s + 164. Give d(0).
164
Let q(c) = 1078*c + 23. What is q(-1)?
-1055
Let f(b) = -2579*b - 7788. Determine f(-3).
-51
Let n(v) = -v**3 - 14*v**2 + 14*v + 365. Calculate n(-13).
14
Let u(d) = -39*d**2 + 3004*d - 83. What is u(77)?
-6
Let l(w) = 204*w**2 + 3259*w - 95. Calculate l(-16).
-15
Let o(d) = -4*d**2 - 299*d - 98. Calculate o(-75).
-173
Let i(s) = -s**3 - 4*s**2 + 6*s - 35. Determine i(0).
-35
Let a(z) = -1167*z + 38518. Determine a(33).
7
Let u(m) = 50*m**2 - 696*m - 805. What is u(15)?
5
Let z(k) = -42*k**3 + 3*k**2 + 7*k + 5. Give z(-2).
339
Let p(s) = -164*s + 1881. Determine p(12).
-87
Let a(g) = 6120*g + 128521. Calculate a(-21).
1
Let c(w) = -w**2 - 229*w - 6783. Give c(-35).
7
Let g(j) = 2*j**2 + 33*j - 260. Give g(8).
132
Let i(u) = -5*u**3 + 6*u**2 - 272*u - 552. Give i(-2).
56
Let h(d) = 18*d + 293. Give h(-20).
-67
Let i(g) = 427*g - 2567. Give i(6).
-5
Let v(b) = -b**2 + 74*b + 5680. Give v(121).
-7
Let z(f) = f**2 - 68*f - 2185. What is z(91)?
-92
Let j(x) = -441*x + 1736. Determine j(4).
-28
Let z(l) = l**2 + 12*l - 11. What is z(-12)?
-11
Let c(u) = u**2 - 20*u + 39. Calculate c(5).
-36
Let t(a) = -a**3 - 39*a**2 - 217*a - 3926. Calculate t(-36).
-2
Let m(w) = -3*w**2 + 38*w + 1. Determine m(8).
113
Let z(g) = -1680*g - 11779. Calculate z(-7).
-19
Let j(t) = -23*t - 39. Determine j(-1).
-16
Let u(a) = -129*a - 1601. Give u(-12).
-53
Let c(x) = -x**3 - 66*x**2 + 142*x + 224. Give c(-68).
-184
Let o(k) = k**3 - 7*k**2 - 34*k + 144. What is o(9)?
0
Let w(g) = -g**2 + 140*g - 899. What is w(7)?
32
Let d(k) = -51*k - 750. What is d(-15)?
15
Let r(n) = 67*n + 3714. Determine r(-53).
163
Let x(p) = 4*p + 34. What is x(-12)?
-14
Let p(s) = -307*s + 9521. What is p(31)?
4
Let q(x) = -2*x + 35. Calculate q(-37).
109
Let r(f) = f**3 - 15*f**2 + 8*f + 152. Determine r(14).
68
Let m(a) = a**2 + 22*a + 33. Determine m(-4).
-39
Let d(l) = 69*l - 296. Give d(4).
-20
Let i(n) = n**3 + 26*n**2 - 267*n + 107. What is i(-34)?
-63
Let g(v) = -v - 56. Calculate g(-25).
-31
Let y(j) = -186*j - 1118. Calculate y(-6).
-2
Let s(n) = n**3 - 15*n**2 - 169*n + 1576. What is s(7)?
1
Let l(p) = 90*p + 51. Give l(-1).
-39
Let w(r) = 4*r**2 - r - 30. What is w(3)?
3
Let l(n) = -593*n + 4076. What is l(7)?
-75
Let p(d) = 7*d**2 - 87*d + 177. Determine p(10).
7
Let u(v) = -v**2 + 53*v + 289. What is u(57)?
61
Let t(w) = w**3 + 20*w**2 - 34*w + 149. Calculate t(-22).
-71
Let y(t) = t**3 + 5*t**2 - 6*t - 13. Calculate y(-6).
-13
Let u(f) = -7*f**3 - f**2 + 1. Calculate u(1).
-7
Let u(x) = -150*x**3 - 5*x**2 - 4*x. What is u(-1)?
149
Let p(m) = m**3 + 37*m**2 + 36*m + 1321. Determine p(-37).
-11
Let l(y) = -y**3 + 24*y**2 - 20*y - 506. Give l(22).
22
Let q(u) = -u**2 - 3*u + 15. Determine q(-9).
-39
Let g(r) = -46*r**2 + 36*r + 51. Determine g(-1).
-31
Let u(m) = -2*m**3 + m**2 + 78*m + 6. What is u(-8)?
470
Let b(a) = 735*a - 79. Give b(0).
-79
Let y(b) = -2*b**3 + 250*b**2 + 26*b - 3255. Determine y(125).
-5
Let f(v) = 37*v**2 - 433*v + 1. Give f(10).
-629
Let q(b) = b**3 + 3*b**2 + 4*b + 84. What is q(0)?
84
Let n(i) = -4*i**3 + 79*i**2 - 55*i - 24. What is n(19)?
14
Let y(i) = -i**3 + 24*i**2 - 112*i - 28. Calculate y(15).
317
Let p(u) = -5*u + 52. Give p(-10).
102
Let q(j) = 8*j**2 + 1572*j + 8394. Give q(-191).
-10
Let q(t) = -2*t**3 + 59*t**2 - 25*t - 6. Determine q(29).
110
Let b(c) = -6*c**2 + 75*c + 6. What is b(11)?
105
Let m(w) = -w**2 + 96*w - 596. Calculate m(89).
27
Let s(m) = 14*m + 167. Determine s(-12).
-1
Let p(q) = -2*q**3 - 47*q**2 - 59*q + 102. What is p(-22)?
-52
Let x(j) = -2*j**2 - 42*j - 101. Give x(-29).
-565
Let l(w) = -19*w**2 - 44*w + 16. Determine l(-3).
-23
Let i(m) = -23*m + 1214. Give i(53).
-5
Let o(b) = 61*b + 2746. What is o(-45)?
1
Let d(n) = 2*n**2 + 103*n - 1455. Calculate d(-63).
-6
Let l(y) = -y**2 - 1675*y - 29838. Determine l(-18).
-12
Let o(c) = -7*c**2 + 605*c - 848. Calculate o(85).
2
Let h(n) = 245*n + 11018. What is h(-45)?
-7
Let p(k) = -k**3 + 3*k**2 + 10*k - 40. Determine p(3).
-10
Let u(r) = -3*r**2 + 19*r - 6. Calculate u(4).
22
Let p(l) = l + 40. Determine p(-33).
7
Let f(m) = 152*m - 1270. Give f(8).
-54
Let g(k) = -k**3 - 9*k**2 + 258*k + 2672. Give g(-13).
-6
Let d(n) = -n**3 + 14*n**2 - 16*n + 20. Calculate d(13).
-19
Let n(o) = 5*o**2 + 52*o - 104. What is n(2)?
20
Let m(i) = -111*i - 406. What is m(-4)?
38
Let z(o) = -11*o + 1792. Calculate z(163).
-1
Let r(p) = 2016*p + 74577. Give r(-37).
-15
Let i(k) = 11*k**2 - 90*k - 260. What is i(-3)?
109
Let k(l) = -136*l - 5981. Give k(-44).
3
Let v(g) = -g**3 - 2*g**2 + 9*g + 10. What is v(4)?
-50
Let b(n) = 33*n + 385. Calculate b(-17).
-176
Let l(n) = 2*n**3 - 28*n**2 + 3*n + 11. Calculate l(14).
53
Let f(q) = -6*q**2 + 25*q - 39. Give f(6).
-105
Let j(n) = -3*n**2 - 73*n + 997. Determine j(-34).
11
Let p(r) = 112*r + 41. What is p(-2)?
-183
Let c(y) = y**3 + 12*y**2 - 27*y + 30. Determine c(-8).
502
Let f(q) = -686*q - 6162. Calculate f(-9).
12
Let z(g) = -g**3 + 17*g**2 - 238*g + 4041. Calculate z(17).
-5
Let h(k) = -667*k**2 - 3*k + 2. Calculate h(-1).
-662
Let x(n) = -7*n**2 + 45*n - 87. Give x(2).
-25
Let x(j) = 13*j**2 + 6*j + 14. Give x(-2).
54
Let g(v) = -25*v - 481. Calculate g(-24).
119
Let h(g) = -g**3 + 97*g**2 + 729*g - 112. What is h(104)?
-8
Let o(j) = 2*j**2 - 140*j + 70. Give o(0).
70
Let i(s) = -s + 67. Calculate i(32).
35
Let x(c) = 2*c**3 + 12*c**2 + 196*c + 944. Determine x(-5).
14
Let l(y) = -354*y + 2543. Determine l(7).
65
Let p(z) = -2*z**2 - 43*z - 117. What is p(-18)?
9
Let l(v) = 14*v + 1023. Give l(-75).
-27
Let y(f) = 43*f - 163. Calculate y(3).
-34
Let m(v) = -7*v - 200. Determine m(-28).
-4
Let x(p) = 3*p**2 - 60*p + 11. Calculate x(20).
11
Let u(z) = 12*z - 259. What is u(29)?
89
Let m(k) = -k**3 + 58*k**2 - 252*k + 1953. Determine m(54).
9
Let y(h) = -23*h**3 + 4*h**2 - 15*h 